se 5, what is -1 - 10023?
-10024
In base 15, what is 5 + 24a?
250
In base 10, what is -4 + 793?
789
In base 11, what is 229 + 8?
236
In base 13, what is -14 - -142?
12b
In base 10, what is 1101 - 4?
1097
In base 2, what is -10 + -1000?
-1010
In base 5, what is -10 - -41131?
41121
In base 16, what is -77 + 7?
-70
In base 5, what is 331 - -2?
333
In base 2, what is 10101 + -100?
10001
In base 9, what is -251 - 0?
-251
In base 2, what is 11 - -1001011110?
1001100001
In base 7, what is 3 + -16144?
-16141
In base 9, what is 77 + 17?
105
In base 14, what is -c5 - -54?
-71
In base 5, what is -1 + 33340?
33334
In base 4, what is -13 - -31321?
31302
In base 11, what is 5a8 + 4?
601
In base 8, what is 402 + 53?
455
In base 7, what is -6 - -62?
53
In base 6, what is -1 - -1041?
1040
In base 8, what is -4 + 2412?
2406
In base 3, what is -2002001 + 12?
-2001212
In base 3, what is 111 + 1100?
1211
In base 9, what is -407 - 50?
-457
In base 9, what is 2 + 118?
121
In base 13, what is -3 - 24b?
-251
In base 10, what is 4 - 61?
-57
In base 15, what is -1 - 2e?
-30
In base 5, what is 3023 + 2?
3030
In base 2, what is 100 - 110010101?
-110010001
In base 7, what is -542 - -2?
-540
In base 3, what is 2200212012 + 2?
2200212021
In base 14, what is -4 + 1825?
1821
In base 6, what is -2351 + -2?
-2353
In base 12, what is 1 - 7a?
-79
In base 2, what is 100 - -11111001?
11111101
In base 11, what is 3 + 269?
271
In base 11, what is -3a + -18?
-57
In base 2, what is 1000000111 - 101?
1000000010
In base 4, what is 1 + -10103?
-10102
In base 10, what is -6 + 1094?
1088
In base 2, what is -10 - -101100110?
101100100
In base 4, what is -3113121 - -1?
-3113120
In base 10, what is 5 - -430?
435
In base 13, what is 6412 + 1?
6413
In base 3, what is -102000122 + 11?
-102000111
In base 6, what is 125 + 2?
131
In base 5, what is -2002 + 11?
-1441
In base 4, what is 131 + 200?
331
In base 7, what is -311 - 2?
-313
In base 12, what is 3 + -232?
-22b
In base 12, what is 48b + -6?
485
In base 3, what is -12 + -20122?
-20211
In base 16, what is -12 + 37?
25
In base 4, what is -1322 + -1?
-1323
In base 7, what is 12122 + 3?
12125
In base 14, what is -4 - d7?
-db
In base 11, what is 2 - 7a?
-78
In base 10, what is -21 - 23?
-44
In base 15, what is 1 + 1a6?
1a7
In base 3, what is 1 + 2110?
2111
In base 11, what is 46 - -22?
68
In base 5, what is -10 + -30?
-40
In base 2, what is -10111 + -101?
-11100
In base 6, what is 1024 + -4?
1020
In base 9, what is -3383 + 1?
-3382
In base 12, what is -8 + -25?
-31
In base 2, what is 100 + 11111?
100011
In base 2, what is -10 + 11101000?
11100110
In base 8, what is -5 - 4336?
-4343
In base 10, what is 31 + -348?
-317
In base 14, what is 5 + -3c?
-37
In base 12, what is 4 + -1?
3
In base 2, what is 0 + -1?
-1
In base 6, what is -25 + 11?
-14
In base 8, what is -3 + -6626?
-6631
In base 11, what is -3 - -31?
29
In base 8, what is 24 - 25?
-1
In base 7, what is -4 - -2656?
2652
In base 2, what is 10100111 + 11010?
11000001
In base 2, what is -10101000 + 10?
-10100110
In base 8, what is 3 + 3135?
3140
In base 12, what is -1b - 371?
-390
In base 11, what is -86 + -98?
-173
In base 8, what is -2 - -26?
24
In base 2, what is 101 + 11011?
100000
In base 13, what is -1 - 18?
-19
In base 14, what is 11 + b60?
b71
In base 16, what is 142 + 2?
144
In base 8, what is -2 - 1036?
-1040
In base 5, what is 113033 + 4?
113042
In base 13, what is -288 - -3?
-285
In base 16, what is 4 - 20?
-1c
In base 6, what is 5 + 213?
222
In base 16, what is 46 - -7?
4d
In base 2, what is 100001110101000 + -10?
100001110100110
In base 8, what is 235 + 33?
270
In base 11, what is -2 + -55?
-57
In base 4, what is 1032 - 300?
132
In base 11, what is -505 + -6?
-510
In base 12, what is 0 - -276?
276
In base 9, what is -641 - -5?
-635
In base 12, what is 8a - 4?
86
In base 5, what is 4 + 30402?
30411
In base 4, what is -1312 - -123?
-1123
In base 13, what is 63 + 1?
64
In base 15, what is 28 - -5?
2d
In base 6, what is -103 + -11?
-114
In base 10, what is 2 - 52?
-50
In base 4, what is 33 + 21101?
21200
In base 13, what is -c3 + 14?
-ac
In base 2, what is -101001101 - 10?
-101001111
In base 14, what is -2 - 286?
-288
In base 12, what is -1 - 61?
-62
In base 15, what is -1 - -1e?
1d
In base 8, what is -14 - 2470?
-2504
In base 5, what is 10 - 1101?
-1041
In base 10, what is 8 - 84?
-76
In base 9, what is -2 + -304?
-306
In base 8, what is 22 + -1714?
-1672
In base 13, what is -a8 + 2?
-a6
In base 7, what is 143 + -24?
116
In base 6, what is -141 - 353?
-534
In base 12, what is 7 - 72?
-67
In base 8, what is 5 + -70?
-63
In base 13, what is -244 - 1?
-245
In base 13, what is -2 + 382?
380
In base 11, what is -5 - -47?
42
In base 4, what is -2 - 1323301?
-1323303
In base 2, what is 110110011 + -1010?
110101001
In base 15, what is 4 + 49?
4d
In base 10, what is -5 + -2351?
-2356
In base 14, what is -1 + -13a?
-13b
In base 16, what is -3a7 - -3?
-3a4
In base 8, what is 10161 + -4?
10155
In base 9, what is 1824 - 2?
1822
In base 4, what is 10 + 13230?
13300
In base 2, what is -10 - -10101000101?
10101000011
In base 12, what is -4 - 22?
-26
In base 13, what is -1717 + 2?
-1715
In base 13, what is 1 - -3a?
3b
In base 15, what is -175 + -1?
-176
In base 12, what is 28 - -12?
3a
In base 4, what is -1311131 - 10?
-1311201
In base 11, what is 22a + 0?
22a
In base 10, what is 707 - 5?
702
In base 3, what is 2220011 - 11?
2220000
In base 8, what is -5700 - -5?
-5673
In base 4, what is 3201120 + 11?
3201131
In base 11, what is 1 - -4?
5
In base 15, what is b07 + -4?
b03
In base 3, what is 20 - -120?
210
In base 11, what is -78 - 102?
-17a
In base 14, what is 8 - -35d?
367
In base 10, what is 137 + -2?
135
In base 6, what is -14422 - -3?
-14415
In base 5, what is -3 - 10031?
-10034
In base 12, what is 132 - 0?
132
In base 9, what is -14186 + 3?
-14183
In base 2, what is 100 + 1110?
10010
In base 14, what is 3 + -a05?
-a02
In base 13, what is -104 + -24?
-128
In base 4, what is 0 + -230021?
-230021
In base 16, what is d + -a6?
-99
In base 16, what is 0 + -9eb?
-9eb
In base 3, what is 111 + -101?
10
In base 12, what is -4b - 17?
-66
In base 12, what is -2a + -7?
-35
In base 2, what is -1111001101 - 101?
-1111010010
In base 2, what is -11 + 10100?
10001
In base 7, what is 254 - -3?
260
In base 12, what is -21 - -35?
14
In base 6, what is 5 + -12145?
-12140
In base 2, what is 11 - -100001010?
100001101
In base 5, what is 1 - 1224?
-1223
In base 9, what is 77 - -3?
81
In base 11, what is 0 - 46?
-46
In base 2, what is 11 - 0?
11
In base 13, what is 1228 - 2?
1226
In base 3, what is 20112102 + -1?
20112101
In base 5, what is 4 + 4324?
4333
In base 10, what is 72 + -46?
26
In base 6, what is 21504 - 4?
21500
In base 14, what is 0 - -482?
482
In base 4, what is -1 + -2303?
-2310
In base 15, what is 16c + -4?
168
In base 15, what is -2 - 64?
-66
In base 14, what is -6 - -3?
-3
In base 8, what is -4 - 416?
-422
In base 2, what is 100 - 10101000010?
-10100111110
In base 16, what is 10 + -2b?
-1b
In base 13, what is -2c - -13?
-19
In base 12, what is -3 + 397?
394
In base 12, what is 0 - -96?
96
In base 16, what is -8 - -30?
28
In base 11, what is 3 - 39?
-36
In base 15, what is 2 - 158?
-156
In base 7, what is -131015 - 0?
-131015
In base 14, what is -3 + 1b47?
1b44
In base 8, what is -43 - 14?
-57
In base 12, what is 54 + 2?
56
In base 8, what is -52 + 1?
-51
In base 14, what is -a1 - 2?
-a3
In base 3, what is 11 + 1211212?
1212000
In base 11, what is -39 + -89?
-117
In base 6, what is -432 + -2?
-434
In base 12, what is 1 + -145?
-144
In base 3, what is -10 - 1010?
-1020
In base 3, what is 11 - 21122?
-21111
In base 11, what is -54 - 1?
-55
In base 10, what is 29 + 6?
35
In base 15, what is -66 - -76?
10
In base 3, what is 11 + -10102201?
-10102120
In base 13, what is -5 + -3cc?
-404
In base 7, what is -643 + 0?
-643
In base 16, what is 97 + 3b?
d2
In base 4, what is 1 - -123?
130
In base 8, what is 1 + -3554?
-3553
In base 6, what is -3 + 52?
45
In base 15, what is -1d51 - 5?
-1d56
In base 5, what is 0 + 4101?
4101
In base 15, what is -474 - -3?
-471
In base 16, what is 1c8 - 20?
1a8
In base 13, what is -c + 43?
34
In base 14, what is -13 - 88?
-9b
In base 6, what is 15 - 10311?
-10252
In base 10, what is 